{"id":1824,"date":"2012-08-31T08:01:45","date_gmt":"2012-08-31T13:01:45","guid":{"rendered":"http:\/\/guzelonlu.com\/blog\/?page_id=1824"},"modified":"2017-10-05T14:05:30","modified_gmt":"2017-10-05T12:05:30","slug":"hakkimda-iletisim","status":"publish","type":"page","link":"https:\/\/guzelonlu.com\/blog\/hakkimda-iletisim\/","title":{"rendered":"Hakk\u0131mda \/ \u0130leti\u015fim"},"content":{"rendered":"<p><a href=\"https:\/\/guzelonlu.com\/blog\/wp-content\/uploads\/2012\/08\/baharmalikacabo.jpg\"><img loading=\"lazy\" decoding=\"async\" class=\" wp-image-3750 alignright\" src=\"https:\/\/guzelonlu.com\/blog\/wp-content\/uploads\/2012\/08\/baharmalikacabo.jpg\" alt=\"baharmalikacabo\" width=\"380\" height=\"378\" data-id=\"3750\" srcset=\"https:\/\/guzelonlu.com\/blog\/wp-content\/uploads\/2012\/08\/baharmalikacabo.jpg 584w, https:\/\/guzelonlu.com\/blog\/wp-content\/uploads\/2012\/08\/baharmalikacabo-150x150.jpg 150w, https:\/\/guzelonlu.com\/blog\/wp-content\/uploads\/2012\/08\/baharmalikacabo-300x298.jpg 300w\" sizes=\"(max-width: 380px) 100vw, 380px\" \/><\/a>Merhaba. Ben Bahar. G\u00fczelonlu&#8217;da ho\u015fland\u0131\u011f\u0131m \u015feylerden ve ki\u015fisel g\u00fcndemimden bahsediyorum. Yaz\u0131lanlar\u0131n \u00e7o\u011funun sanatla ilgili olmas\u0131 belki tesad\u00fcft\u00fcr, belki de de\u011fildir. Bu sayfay\u0131 hakk\u0131mda bir \u015feyler yazmak i\u00e7in olu\u015fturdum. Ama g\u00f6r\u00fcnen o ki hakk\u0131mda ne yazabilece\u011fime dair hi\u00e7bir fikrim yok.<\/p>\n<p style=\"text-align: left;\">Sormak\/Tart\u0131\u015fmak istedi\u011finiz bir \u015fey olursa ya da sadece &#8220;Merhaba&#8221; demek isterseniz l\u00fctfen e-posta yollamaktan \u00e7ekinmeyin. \u0130\u015fbirli\u011fi tekliflerine a\u00e7\u0131\u011f\u0131m. Benimle ileti\u015fime ge\u00e7mek isterseniz e-posta adresim:<\/p>\n<p style=\"text-align: left;\"><strong>bahar.malik.guzelonlu (at) gmail (nokta) com<\/strong><\/p>\n<p style=\"text-align: left;\">. . . . . . . . . . . . .<\/p>\n<p>G\u00fczelonlu&#8217;nun tumblr adresi: <a href=\"http:\/\/guzelonlu.tumblr.com\" target=\"_blank\" rel=\"noopener\">@guzelonlu<\/a><\/p>\n<p style=\"text-align: left;\">Bu blogu twitter&#8217;da takip etmekten i\u00e7in: <a href=\"https:\/\/twitter.com\/guzelonlu\" target=\"_blank\" rel=\"noopener\">@guzelonlu<\/a><\/p>\n<p style=\"text-align: left;\">Bu blogu facebook&#8217;tan takip etmek i\u00e7in: <a href=\"http:\/\/facebook.com\/guzelonlublog\" target=\"_blank\" rel=\"noopener\">@guzelonlublog<\/a><\/p>\n<h3 style=\"text-align: left;\"><strong>S\u0131k Sordu\u011funuz \u00dc\u00e7 Soru (SS\u00dcS)<\/strong><\/h3>\n<p>1. Bahar, s\u0131kk\u0131n bir insan m\u0131s\u0131n? Neden daha s\u0131k yazm\u0131yorsun?<\/p>\n<p>En \u00e7ok istedi\u011fim \u015feylerden biri buraya daha k\u0131sa aral\u0131klarla gelip yeni yaz\u0131lar eklemek. Herhangi bir anda kafamda en az 10 yaz\u0131 fikri oluyor. Ama hayat\u0131m\u0131n geri kalan k\u0131sm\u0131 gereksiz bir \u015fekilde yo\u011fun ve a\u015f\u0131r\u0131 yorucu oldu\u011fu i\u00e7in maalesef ger\u00e7ekle\u015ftiremiyorum. E\u011fer talebinizde \u0131srarc\u0131ysan\u0131z ve bana gerekli zaman\u0131 yaratmakta destek olmak istiyorsan\u0131z yukar\u0131da verdi\u011fim e-posta adresinden ya da twitter&#8217;dan benimle ileti\u015fime ge\u00e7ebilirsiniz.<\/p>\n<p>2. \u0130smin Bahar m\u0131?<\/p>\n<p>Evet, ismim Bahar.<\/p>\n<p>3. Kendinle ilgili anlatabilece\u011fin hi\u00e7 mi bir \u015fey yok?<\/p>\n<p>Hayat\u0131mda kendimle ilgili gurur duydu\u011fum \u00fc\u00e7 \u015fey var. Bunlar:<\/p>\n<ul>\n<li>Kazuo Ishiguro&#8217;yla yan yana bir oyun izlemem.<\/li>\n<li>Aksaray&#8217;\u0131n arka sokaklar\u0131ndaki bir kebap\u00e7\u0131da foto\u011fraf\u0131m\u0131n as\u0131l\u0131 olmas\u0131.<\/li>\n<li>Olur da bir g\u00fcn Komet en sevdi\u011fim ressamlar\u0131 sorarsa diye &#8220;en sevdi\u011fim on ressam&#8221; listemi \u00e7oktan haz\u0131rlam\u0131\u015f olmam.<\/li>\n<\/ul>\n","protected":false},"excerpt":{"rendered":"<p>Merhaba. Ben Bahar. G\u00fczelonlu&#8217;da ho\u015fland\u0131\u011f\u0131m \u015feylerden ve ki\u015fisel g\u00fcndemimden bahsediyorum. Yaz\u0131lanlar\u0131n \u00e7o\u011funun sanatla ilgili olmas\u0131 belki tesad\u00fcft\u00fcr, belki de de\u011fildir. Bu sayfay\u0131 hakk\u0131mda bir \u015feyler yazmak i\u00e7in olu\u015fturdum. Ama g\u00f6r\u00fcnen o ki hakk\u0131mda ne yazabilece\u011fime dair hi\u00e7bir fikrim yok. Sormak\/Tart\u0131\u015fmak istedi\u011finiz bir \u015fey olursa ya da sadece &#8220;Merhaba&#8221; demek isterseniz l\u00fctfen e-posta yollamaktan \u00e7ekinmeyin. \u0130\u015fbirli\u011fi tekliflerine a\u00e7\u0131\u011f\u0131m. Benimle ileti\u015fime ge\u00e7mek isterseniz e-posta adresim: bahar.malik.guzelonlu (at) gmail (nokta) com . . . . . . . . . . . . . G\u00fczelonlu&#8217;nun tumblr adresi: @guzelonlu Bu blogu twitter&#8217;da takip etmekten i\u00e7in: @guzelonlu Bu blogu facebook&#8217;tan takip etmek i\u00e7in: @guzelonlublog S\u0131k Sordu\u011funuz \u00dc\u00e7 Soru (SS\u00dcS) 1. Bahar, s\u0131kk\u0131n bir insan m\u0131s\u0131n? Neden daha s\u0131k yazm\u0131yorsun? En \u00e7ok istedi\u011fim \u015feylerden biri buraya daha k\u0131sa aral\u0131klarla gelip yeni yaz\u0131lar eklemek. Herhangi bir anda kafamda en az 10 yaz\u0131 fikri oluyor. Ama hayat\u0131m\u0131n geri kalan k\u0131sm\u0131 gereksiz bir \u015fekilde yo\u011fun ve a\u015f\u0131r\u0131 yorucu oldu\u011fu i\u00e7in maalesef ger\u00e7ekle\u015ftiremiyorum. E\u011fer talebinizde \u0131srarc\u0131ysan\u0131z ve bana gerekli zaman\u0131 yaratmakta destek olmak istiyorsan\u0131z yukar\u0131da verdi\u011fim e-posta adresinden ya da twitter&#8217;dan benimle ileti\u015fime ge\u00e7ebilirsiniz. 2. \u0130smin Bahar m\u0131? Evet, ismim Bahar. 3. Kendinle ilgili anlatabilece\u011fin hi\u00e7 mi bir \u015fey yok? Hayat\u0131mda kendimle ilgili gurur duydu\u011fum \u00fc\u00e7 \u015fey var. Bunlar: Kazuo [&hellip;]<\/p>\n","protected":false},"author":3,"featured_media":3750,"parent":0,"menu_order":0,"comment_status":"open","ping_status":"open","template":"page-fullwidth.php","meta":{"footnotes":""},"post_mailing_queue_ids":[],"_links":{"self":[{"href":"https:\/\/guzelonlu.com\/blog\/wp-json\/wp\/v2\/pages\/1824"}],"collection":[{"href":"https:\/\/guzelonlu.com\/blog\/wp-json\/wp\/v2\/pages"}],"about":[{"href":"https:\/\/guzelonlu.com\/blog\/wp-json\/wp\/v2\/types\/page"}],"author":[{"embeddable":true,"href":"https:\/\/guzelonlu.com\/blog\/wp-json\/wp\/v2\/users\/3"}],"replies":[{"embeddable":true,"href":"https:\/\/guzelonlu.com\/blog\/wp-json\/wp\/v2\/comments?post=1824"}],"version-history":[{"count":13,"href":"https:\/\/guzelonlu.com\/blog\/wp-json\/wp\/v2\/pages\/1824\/revisions"}],"predecessor-version":[{"id":3398,"href":"https:\/\/guzelonlu.com\/blog\/wp-json\/wp\/v2\/pages\/1824\/revisions\/3398"}],"wp:featuredmedia":[{"embeddable":true,"href":"https:\/\/guzelonlu.com\/blog\/wp-json\/wp\/v2\/media\/3750"}],"wp:attachment":[{"href":"https:\/\/guzelonlu.com\/blog\/wp-json\/wp\/v2\/media?parent=1824"}],"curies":[{"name":"wp","href":"https:\/\/api.w.org\/{rel}","templated":true}]}}